 prime factors of 19812?
2, 3, 13, 127
List the prime factors of 91831.
131, 701
List the prime factors of 2416.
2, 151
List the prime factors of 11664.
2, 3
What are the prime factors of 290?
2, 5, 29
What are the prime factors of 15265?
5, 43, 71
List the prime factors of 3009.
3, 17, 59
What are the prime factors of 4122?
2, 3, 229
List the prime factors of 95734.
2, 151, 317
List the prime factors of 9588.
2, 3, 17, 47
List the prime factors of 1045.
5, 11, 19
What are the prime factors of 14108?
2, 3527
List the prime factors of 89918.
2, 44959
What are the prime factors of 399?
3, 7, 19
What are the prime factors of 778?
2, 389
List the prime factors of 35.
5, 7
List the prime factors of 101821.
19, 23, 233
What are the prime factors of 2454?
2, 3, 409
What are the prime factors of 5100?
2, 3, 5, 17
What are the prime factors of 2786?
2, 7, 199
List the prime factors of 15112.
2, 1889
What are the prime factors of 1868?
2, 467
What are the prime factors of 30853?
30853
List the prime factors of 1841.
7, 263
What are the prime factors of 2635?
5, 17, 31
What are the prime factors of 3580?
2, 5, 179
List the prime factors of 90931.
90931
What are the prime factors of 1325?
5, 53
List the prime factors of 1552.
2, 97
What are the prime factors of 609?
3, 7, 29
List the prime factors of 8371.
11, 761
List the prime factors of 1510.
2, 5, 151
List the prime factors of 1393.
7, 199
What are the prime factors of 16594?
2, 8297
List the prime factors of 217.
7, 31
List the prime factors of 570.
2, 3, 5, 19
What are the prime factors of 109039?
7, 37, 421
List the prime factors of 65509.
109, 601
List the prime factors of 7402.
2, 3701
What are the prime factors of 1475?
5, 59
What are the prime factors of 12327?
3, 7, 587
What are the prime factors of 95846?
2, 17, 2819
What are the prime factors of 682?
2, 11, 31
List the prime factors of 2771.
17, 163
List the prime factors of 21345.
3, 5, 1423
List the prime factors of 4213.
11, 383
What are the prime factors of 288?
2, 3
What are the prime factors of 36227?
17, 2131
What are the prime factors of 433?
433
What are the prime factors of 1730?
2, 5, 173
List the prime factors of 107.
107
What are the prime factors of 411?
3, 137
What are the prime factors of 3269?
7, 467
List the prime factors of 16987.
16987
List the prime factors of 16553.
16553
List the prime factors of 121855.
5, 24371
What are the prime factors of 108307?
17, 23, 277
List the prime factors of 1173.
3, 17, 23
List the prime factors of 1393.
7, 199
What are the prime factors of 73801?
7, 13, 811
What are the prime factors of 4847?
37, 131
List the prime factors of 26940.
2, 3, 5, 449
List the prime factors of 724.
2, 181
What are the prime factors of 3111?
3, 17, 61
What are the prime factors of 24628?
2, 47, 131
What are the prime factors of 19315?
5, 3863
List the prime factors of 63757.
103, 619
List the prime factors of 40413.
3, 19, 709
What are the prime factors of 13206?
2, 3, 31, 71
List the prime factors of 2176.
2, 17
List the prime factors of 34740.
2, 3, 5, 193
List the prime factors of 3116.
2, 19, 41
What are the prime factors of 7003?
47, 149
What are the prime factors of 1054?
2, 17, 31
What are the prime factors of 2200?
2, 5, 11
List the prime factors of 274.
2, 137
What are the prime factors of 2739?
3, 11, 83
What are the prime factors of 73808?
2, 7, 659
What are the prime factors of 128317?
7, 23, 797
List the prime factors of 25750.
2, 5, 103
What are the prime factors of 71651?
137, 523
What are the prime factors of 26815?
5, 31, 173
What are the prime factors of 37186?
2, 18593
List the prime factors of 12455.
5, 47, 53
List the prime factors of 2159.
17, 127
List the prime factors of 5781.
3, 41, 47
List the prime factors of 60560.
2, 5, 757
List the prime factors of 280.
2, 5, 7
List the prime factors of 2421.
3, 269
List the prime factors of 952.
2, 7, 17
List the prime factors of 28735.
5, 7, 821
List the prime factors of 729.
3
What are the prime factors of 14119?
7, 2017
List the prime factors of 8606.
2, 13, 331
List the prime factors of 52487.
73, 719
What are the prime factors of 5304?
2, 3, 13, 17
List the prime factors of 188326.
2, 17, 29, 191
List the prime factors of 57734.
2, 28867
List the prime factors of 28418.
2, 13, 1093
List the prime factors of 285.
3, 5, 19
What are the prime factors of 1883?
7, 269
What are the prime factors of 161?
7, 23
What are the prime factors of 1393?
7, 199
What are the prime factors of 121?
11
List the prime factors of 7099.
31, 229
What are the prime factors of 26007?
3, 8669
List the prime factors of 1374.
2, 3, 229
What are the prime factors of 7820?
2, 5, 17, 23
What are the prime factors of 12620?
2, 5, 631
List the prime factors of 159001.
17, 47, 199
What are the prime factors of 113005?
5, 97, 233
List the prime factors of 23404.
2, 5851
List the prime factors of 82858.
2, 17, 2437
What are the prime factors of 794?
2, 397
What are the prime factors of 94?
2, 47
What are the prime factors of 18882?
2, 3, 1049
List the prime factors of 11183.
53, 211
What are the prime factors of 74654?
2, 163, 229
List the prime factors of 1261.
13, 97
List the prime factors of 7032.
2, 3, 293
What are the prime factors of 45026?
2, 47, 479
List the prime factors of 986.
2, 17, 29
What are the prime factors of 98721?
3, 7, 1567
What are the prime factors of 64777?
211, 307
What are the prime factors of 553?
7, 79
What are the prime factors of 29949?
3, 67, 149
List the prime factors of 856.
2, 107
List the prime factors of 17386.
2, 8693
List the prime factors of 1285.
5, 257
What are the prime factors of 968?
2, 11
List the prime factors of 1408.
2, 11
What are the prime factors of 596?
2, 149
List the prime factors of 6356.
2, 7, 227
List the prime factors of 26886.
2, 3, 4481
What are the prime factors of 7756?
2, 7, 277
List the prime factors of 7354.
2, 3677
What are the prime factors of 322?
2, 7, 23
List the prime factors of 34337.
34337
What are the prime factors of 30587?
73, 419
List the prime factors of 1400.
2, 5, 7
What are the prime factors of 33153?
3, 43, 257
What are the prime factors of 1750?
2, 5, 7
What are the prime factors of 1729?
7, 13, 19
What are the prime factors of 2812?
2, 19, 37
List the prime factors of 12476.
2, 3119
List the prime factors of 77790.
2, 3, 5, 2593
What are the prime factors of 6103?
17, 359
List the prime factors of 28120.
2, 5, 19, 37
List the prime factors of 24779.
71, 349
What are the prime factors of 9186?
2, 3, 1531
List the prime factors of 58946.
2, 29473
What are the prime factors of 31826?
2, 15913
List the prime factors of 324.
2, 3
What are the prime factors of 11395?
5, 43, 53
List the prime factors of 39488.
2, 617
List the prime factors of 2927.
2927
What are the prime factors of 20053?
11, 1823
List the prime factors of 18904.
2, 17, 139
What are the prime factors of 2679?
3, 19, 47
List the prime factors of 176.
2, 11
List the prime factors of 83576.
2, 31, 337
List the prime factors of 3560.
2, 5, 89
List the prime factors of 538.
2, 269
List the prime factors of 8541.
3, 13, 73
What are the prime factors of 6874?
2, 7, 491
What are the prime factors of 10701?
3, 29, 41
List the prime factors of 7539.
3, 7, 359
List the prime factors of 1929.
3, 643
What are the prime factors of 835?
5, 167
List the prime factors of 8267.
7, 1181
List the prime factors of 32643.
3, 13, 31
List the prime factors of 3777.
3, 1259
List the prime factors of 1726.
2, 863
List the prime factors of 3531.
3, 11, 107
List the prime factors of 8050.
2, 5, 7, 23
List the prime factors of 7612.
2, 11, 173
List the prime factors of 171.
3, 19
List the prime factors of 96176.
2, 6011
List the prime factors of 99433.
17, 5849
What are the prime factors of 3672?
2, 3, 17
List the prime factors of 2117.
29, 73
What are the prime factors of 28936?
2, 3617
List the prime factors of 120166.
2, 60083
What are the prime factors of 1134?
2, 3, 7
List the prime factors of 40000.
2, 5
List the prime factors of 11782.
2, 43, 137
List the prime factors of 1064.
2, 7, 19
What are the prime factors of 23926?
2, 7, 1709
List the prime factors of 3740.
2, 5, 11, 17
What are the prime factors of 1048?
2, 131
What are the prime factors of 14